{"id":1586,"date":"2021-12-02T16:50:41","date_gmt":"2021-12-02T15:50:41","guid":{"rendered":"http:\/\/derecupetdart.com\/?page_id=1586"},"modified":"2025-05-05T17:53:17","modified_gmt":"2025-05-05T15:53:17","slug":"mariesamuse","status":"publish","type":"page","link":"https:\/\/derecupetdart.com\/index.php\/mariesamuse\/","title":{"rendered":"MarieSamuse"},"content":{"rendered":"<h2>MarieSamuse<\/h2>\n<p>J&rsquo;aime cr\u00e9er la surprise.<\/p>\n<p>Milles id\u00e9es fusent&#8230;<\/p>\n<p>Laquelle pr\u00e9f\u00e9rez vous ?<\/p>\n<p><img width=\"150\" height=\"150\" src=\"https:\/\/derecupetdart.com\/wp-content\/uploads\/2021\/12\/derecupetdart-marie-2-1-150x150.png\" alt=\"\" loading=\"lazy\" srcset=\"https:\/\/derecupetdart.com\/wp-content\/uploads\/2021\/12\/derecupetdart-marie-2-1-150x150.png 150w, https:\/\/derecupetdart.com\/wp-content\/uploads\/2021\/12\/derecupetdart-marie-2-1-300x300.png 300w, https:\/\/derecupetdart.com\/wp-content\/uploads\/2021\/12\/derecupetdart-marie-2-1-100x100.png 100w, https:\/\/derecupetdart.com\/wp-content\/uploads\/2021\/12\/derecupetdart-marie-2-1.png 500w\" sizes=\"(max-width: 150px) 100vw, 150px\"><br \/>\n<a href=\"http:\/\/derecupetdart.com\/index.php\/categorie-produit\/artistes\/mariesamuse\/\" role=\"button\"><br \/>\nCr\u00e9ations<br \/>\n<\/a><br \/>\n<img width=\"500\" height=\"500\" src=\"https:\/\/derecupetdart.com\/wp-content\/uploads\/2025\/05\/Moi-MarieSamuse.png\" alt=\"\" loading=\"lazy\" srcset=\"https:\/\/derecupetdart.com\/wp-content\/uploads\/2025\/05\/Moi-MarieSamuse.png 500w, https:\/\/derecupetdart.com\/wp-content\/uploads\/2025\/05\/Moi-MarieSamuse-300x300.png 300w, https:\/\/derecupetdart.com\/wp-content\/uploads\/2025\/05\/Moi-MarieSamuse-150x150.png 150w, https:\/\/derecupetdart.com\/wp-content\/uploads\/2025\/05\/Moi-MarieSamuse-100x100.png 100w\" sizes=\"(max-width: 500px) 100vw, 500px\"><\/p>\n","protected":false},"excerpt":{"rendered":"<p>MarieSamuse J&rsquo;aime cr\u00e9er la surprise. Milles id\u00e9es fusent&#8230; Laquelle pr\u00e9f\u00e9rez vous ? Cr\u00e9ations<\/p>\n","protected":false},"author":1,"featured_media":0,"parent":0,"menu_order":0,"comment_status":"closed","ping_status":"closed","template":"","meta":{"site-sidebar-layout":"no-sidebar","site-content-layout":"page-builder","ast-main-header-display":"","ast-hfb-above-header-display":"","ast-hfb-below-header-display":"","ast-hfb-mobile-header-display":"","site-post-title":"disabled","ast-breadcrumbs-content":"","ast-featured-img":"disabled","footer-sml-layout":"","theme-transparent-header-meta":"","adv-header-id-meta":"","stick-header-meta":"","header-above-stick-meta":"","header-main-stick-meta":"","header-below-stick-meta":"","spay_email":""},"_links":{"self":[{"href":"https:\/\/derecupetdart.com\/index.php\/wp-json\/wp\/v2\/pages\/1586"}],"collection":[{"href":"https:\/\/derecupetdart.com\/index.php\/wp-json\/wp\/v2\/pages"}],"about":[{"href":"https:\/\/derecupetdart.com\/index.php\/wp-json\/wp\/v2\/types\/page"}],"author":[{"embeddable":true,"href":"https:\/\/derecupetdart.com\/index.php\/wp-json\/wp\/v2\/users\/1"}],"replies":[{"embeddable":true,"href":"https:\/\/derecupetdart.com\/index.php\/wp-json\/wp\/v2\/comments?post=1586"}],"version-history":[{"count":53,"href":"https:\/\/derecupetdart.com\/index.php\/wp-json\/wp\/v2\/pages\/1586\/revisions"}],"predecessor-version":[{"id":2736,"href":"https:\/\/derecupetdart.com\/index.php\/wp-json\/wp\/v2\/pages\/1586\/revisions\/2736"}],"wp:attachment":[{"href":"https:\/\/derecupetdart.com\/index.php\/wp-json\/wp\/v2\/media?parent=1586"}],"curies":[{"name":"wp","href":"https:\/\/api.w.org\/{rel}","templated":true}]}}